26. Calculate the highest common divisor of j and m.
14
Suppose 2*u + 27 = 3*u. What is the highest common divisor of 18 and u?
9
Suppose 4*b + 13 = 149. Let r = -19 + b. What is the greatest common divisor of 75 and r?
15
Suppose 0 = -2*c - 35 + 123. Calculate the greatest common divisor of 4 and c.
4
Suppose -113 = -3*b + 19. Let t = -29 - -40. Calculate the highest common divisor of b and t.
11
Let p = -13 - -17. What is the highest common factor of p and 28?
4
Let p = -2 - -5. Suppose 2*k - 2*a = 3*k - 13, -2*k - p*a + 21 = 0. Let x be (36/(-21))/(-2)*7. Calculate the greatest common divisor of x and k.
3
Let c(g) = g**2 - 9. Let q be c(0). Let k be 3 - 106*q/6. What is the greatest common factor of k and 18?
18
Let t(i) = -i + 25. Let b(a) = 2*a - 49. Let z(w) = -4*b(w) - 7*t(w). Let r be z(0). What is the greatest common divisor of 3 and r?
3
Let v be 92/(-6) - 4/(-12). Let d be (-1)/(6/v)*4. What is the greatest common divisor of d and 15?
5
Let u be -1 - 2 - (-53 + 1). Calculate the greatest common factor of 7 and u.
7
Let x(i) = -i**3 + 8*i**2 + 7. Let o be x(8). Suppose 2*k - o = b, 5*b = -13 - 12. What is the greatest common factor of 5 and k?
1
Suppose l + 0 - 2 = 0. Suppose l*x = -2*x + 72. Calculate the greatest common factor of 162 and x.
18
Suppose -x + 66 - 31 = 0. What is the highest common factor of 15 and x?
5
Let q = -5 + 9. Let x(f) be the third derivative of -5*f**4/24 - 2*f**3/3 + f**2. Let v be x(-4). What is the highest common divisor of v and q?
4
Let c(i) = -i**2 - i + 21. Let z be c(0). Let u(s) = s**2 - s + 1. Suppose 0*h = h + 2. Let a be u(h). What is the greatest common divisor of a and z?
7
Suppose 0 = 2*t - 12 + 2. Suppose 2*d + 2*h = 4*h + 16, 52 = t*d - 2*h. Let m = d - -6. What is the highest common factor of 198 and m?
18
Suppose 0 = 2*w + 41 - 19. Let u(r) = -r**2 - 14*r + 9. Let x be u(w). What is the greatest common divisor of x and 14?
14
Suppose 19 = 2*b + 2*y - y, -b = 4*y - 13. Let x = 1 + -1. Suppose 4*u - 29 = -5*r - x*u, 5*r - 61 = 4*u. What is the greatest common factor of r and b?
9
Let y(u) = -u**3 + u - 2. Let o be y(0). Let z = o - -35. Suppose 3*g - 3 = z. Calculate the highest common divisor of g and 132.
12
Suppose 10 = q + 5*n - 3*n, 0 = 3*q + 3*n - 18. Suppose 100 = q*i + 3*i. Suppose -2*x = 3*x - 3*p - i, -2*p = 0. What is the greatest common factor of 8 and x?
4
Suppose 210 = 4*x - 250. What is the highest common divisor of 23 and x?
23
Let r = 43 - -13. Calculate the highest common divisor of r and 14.
14
Let h(d) = -d**3 + 11*d**2 - 15*d + 5. Let v be h(8). What is the highest common factor of 11 and v?
11
Let z = 8 - 1. Let r(w) = -w**3 - 6*w**2 - 4*w + 6. Let d be r(-5). Calculate the greatest common factor of d and z.
1
Suppose n - 2*x - 19 = -6*x, 4*x = n - 51. What is the highest common factor of 5 and n?
5
Suppose 0 = -v - v + 16. Let n = 5 - v. Let a = n - -6. Calculate the greatest common factor of a and 24.
3
Let x(y) = 17*y - 21. Let m be x(3). What is the greatest common factor of 270 and m?
30
Suppose y - 45 = 2*y. Let c = 407 - y. Suppose -m + c = 4*n + m, 5*n - 562 = -m. Calculate the greatest common divisor of 14 and n.
14
Let j be (-51)/(-7) - 2/7. Let q = 4 - -3. What is the highest common factor of j and q?
7
Let t = 3 + 0. Suppose 0 = -t*y + 6, 2*p - 2*y + 34 = 7*p. Calculate the greatest common factor of p and 18.
6
Let k(v) = -v**2 + 15*v - 1. Let c be k(8). Calculate the highest common divisor of 11 and c.
11
Suppose -2*t - 62 = 184. Let i = -75 - t. Calculate the highest common divisor of i and 16.
16
Let a(j) = -4*j + 12 + 4*j - j. Let x be a(8). Calculate the highest common divisor of x and 10.
2
Let z = 11 + 7. Let a = z - 1. Suppose 102 = 3*u - 3*k, 5*u - 2*k = -24 + 194. Calculate the highest common factor of a and u.
17
Let g(h) = -7*h + 4. Suppose -3*k - 2 = 4. Let r be g(k). Calculate the highest common factor of r and 6.
6
Let j be (-8)/6*3 + -2. Let d be 129/9 - 4/j. What is the highest common divisor of d and 90?
15
Suppose -u - 10 = -2*j, -2*j + 3*u = -6 - 4. Let v be 0 + j + (-4)/(-2). Calculate the greatest common factor of 35 and v.
7
Let l be ((-7)/(-14))/(2/16). Suppose -3*f + 2*f + l*j + 6 = 0, 2*f = j + 40. Calculate the highest common divisor of f and 176.
22
Let w = 78 - 71. Calculate the greatest common factor of w and 28.
7
Suppose 4*s - 3*l - 23 = 0, -2*s + 5*l = -9 - 6. Suppose -659 = s*f + 681. Let d be 4/18 + f/(-9). What is the highest common divisor of d and 12?
6
Let a = 2 + 6. Suppose a*u - 3*u = 40. Let i(w) = w - 4. Let l be i(u). What is the greatest common divisor of 4 and l?
4
Let n = 24 + 4. What is the greatest common factor of 7 and n?
7
Let p be (-26)/(-22) - (-4)/(-22). What is the greatest common divisor of p and 7?
1
Let m(c) = -3 - 2*c - c + 4*c**3 - 3*c**3 - c - 6*c**2. Let q be m(7). Let p(n) = 15*n - 6. Let f be p(4). What is the greatest common divisor of f and q?
18
Let s be (-192)/(-36) + (-1)/3. What is the highest common factor of s and 5?
5
Let i = 8 + 10. Suppose 2*p - 21 = 6*a - a, 13 = -a - 4*p. Let n = a - -7. What is the greatest common factor of i and n?
2
Let o(x) = 463*x - 1. Let b be o(1). Suppose -2*i - 127 = -3*a + 137, -b = -5*a - 4*i. Let p = 65 - 29. What is the greatest common divisor of p and a?
18
Suppose -13*r = -876 + 135. What is the highest common factor of 76 and r?
19
Suppose 13*u - 460 = 8*u. Calculate the highest common divisor of u and 23.
23
Let k be (-17 - -1)*10/(-20). What is the greatest common divisor of k and 28?
4
Suppose 7*g - 27 = 1. Suppose -2*p - 1 = -4*j + 3, 5*j - 19 = -p. What is the highest common factor of p and g?
4
Let i(k) = -k - 1. Let x be i(-3). Let p(z) = z - 2. Let c be p(5). Calculate the greatest common factor of c and x.
1
Let l(h) be the third derivative of h**5/10 + h**3/2 - 3*h**2. Let a be l(4). Calculate the highest common factor of a and 11.
11
Let x = -77 + 86. Calculate the greatest common factor of x and 153.
9
Let i be (-1)/((-1)/((-3)/3)). Let s = i + 4. Suppose s*f - 132 = -5*j + 82, 0 = 4*j - 20. Calculate the highest common divisor of 7 and f.
7
Let g be ((-16)/(-6))/(-2)*-18. Let s = 0 + 0. Suppose 0 = -s*p - 2*p + d + 13, 2*p = 4*d + 16. Calculate the greatest common divisor of p and g.
6
Let u = -66 + 66. Let p = 1 - -1. Suppose u*i - 5*g = p*i + 13, 3*i + 3*g - 3 = 0. What is the greatest common factor of 2 and i?
2
Suppose -335 = -2*o + s + 923, -4*s = -4*o + 2520. Suppose 0*b = -4*b + 4*w + o, -745 = -5*b - 5*w. Calculate the greatest common factor of 17 and b.
17
Let k = -3 + 1. Let i be 0 + k + 79 - 0. Calculate the highest common divisor of i and 7.
7
Let n = 6 + -16. Let x be 6/n + (-246)/(-10). What is the greatest common divisor of 60 and x?
12
Suppose 20 = c + 4*x, 4*x = -5*c + 75 + 25. Calculate the greatest common divisor of c and 180.
20
Let j = 8 + -57. Let s = -23 - j. Suppose -s = -2*r + 4*h - 5*h, -3*r + 38 = h. What is the highest common divisor of 36 and r?
12
Let w(y) = -4*y + 20. Let u be w(-4). Calculate the highest common divisor of 6 and u.
6
Suppose 0 = -3*f + j + j + 49, -2*f + 3*j + 36 = 0. Let s = -2 + 0. Let a be (s/4)/(1/(-12)). What is the highest common factor of a and f?
3
Let t be 6/27 + (-2)/9. Let l be 1 + (t - (-6 - 1)). Calculate the highest common factor of 24 and l.
8
Suppose -3*b - 80 = 2*b. Let f = -10 - b. What is the highest common divisor of f and 15?
3
Let d be ((-16)/12)/(1/(-3)). Suppose 3*r + 0*r - 135 = d*u, 0 = 5*u - 15. Let o be r - -3*2/(-6). Calculate the highest common factor of o and 6.
6
Suppose -4*b = 16, 56 = 2*x - 5*b - 12. Suppose -2*u + 1 = -15. Calculate the greatest common divisor of x and u.
8
Let t be -3*1 + -3 + 2. Let x = 3 + t. Let w be (11 - x)/(1 + 0). Calculate the greatest common divisor of w and 36.
12
Let f = 15 + -13. Suppose -37 - 17 = -c + 4*h, -f*c - h = -81. Calculate the highest common factor of 14 and c.
14
Let k(n) = n + 6. Let d be k(-4). Suppose 0 = -2*i + 2*q + 24, -5*i + d*q = 5*q - 44. Suppose -3*w + 60 = -15. What is the greatest common divisor of w and i?
5
Suppose -5*f + 2*f - 72 = 0. Let l = f + 40. What is the highest common factor of l and 2?
2
Suppose a - 4 = -5*f - 3, 3*a = -4*f + 14. What is the greatest common divisor of a and 4?
2
Supp